{"id":7325,"date":"2024-01-31T00:13:11","date_gmt":"2024-01-31T03:13:11","guid":{"rendered":"https:\/\/rodadosmediterranea.com\/still\/?post_type=product&#038;p=7325"},"modified":"2024-01-31T00:38:43","modified_gmt":"2024-01-31T03:38:43","slug":"transpaleta-electrica-exh-14-20-plus","status":"publish","type":"product","link":"https:\/\/rodadosmediterranea.com\/still\/product\/transpaleta-electrica-exh-14-20-plus\/","title":{"rendered":"Transpaleta el\u00e9ctrica EXH 14\u201320 Plus"},"content":{"rendered":"<p>Transporte horizontal en cualquier momento y lugar: un juego de ni\u00f1os con la transpaleta el\u00e9ctrica EXH 14-20 Plus, el \u00e1gil ayudante de almac\u00e9n que lo hace todo mucho m\u00e1s f\u00e1cil. Empezando por la ergonom\u00eda \u00fanica del tim\u00f3n: se ha pensado mucho en la colocaci\u00f3n de los elementos de control. Permiten un manejo intuitivo con una sola mano para todos los operadores, independientemente del tama\u00f1o de la mano y de si es la derecha o la izquierda. Mientras tanto, la pantalla LED o t\u00e1ctil del cabezal del tim\u00f3n permite al operador controlar toda la informaci\u00f3n relevante de la transpaleta el\u00e9ctrica. \u00bfQuiere poder maniobrar la transpaleta el\u00e9ctrica con facilidad y seguridad en todo momento? Ning\u00fan problema con OptiSpeed. La caracter\u00edstica inteligente ajusta autom\u00e1ticamente la velocidad de la carretilla elevadora al \u00e1ngulo del tim\u00f3n. Esto significa que estar\u00e1 tan seguro manipulando cargas a toda velocidad durante el transporte horizontal, como conduciendo y frenando con cuidado en pasillos estrechos o en superficies de venta llenas. La transpaleta el\u00e9ctrica tambi\u00e9n destaca por sus dimensiones compactas. Tanto si trabaja en pasillos estrechos como si maniobra con HGV, se lo toma todo con calma. Con caracter\u00edsticas como estas, la EXH 14-20 Plus es perfecta no solo para aplicaciones de transporte horizontal en supermercados, producci\u00f3n y log\u00edstica, sino tambi\u00e9n para su uso en HGV. En resumen: dondequiera que se utilice la transpaleta el\u00e9ctrica, hace la vida m\u00e1s f\u00e1cil.<\/p>\n","protected":false},"excerpt":{"rendered":"<ul>\r\n \t<li>Capacidad de carga: 2000 kg<\/li>\r\n \t<li>Elevaci\u00f3n: 125 mm<\/li>\r\n \t<li>Velocidad: 6 km\/h<\/li>\r\n<\/ul>\r\n&nbsp;\r\n\r\n<hr \/>\r\n\r\n&nbsp;\r\n\r\n&nbsp;","protected":false},"featured_media":7326,"comment_status":"open","ping_status":"closed","template":"","meta":[],"product_brand":[],"product_cat":[89],"product_tag":[],"class_list":{"0":"post-7325","1":"product","2":"type-product","3":"status-publish","4":"has-post-thumbnail","6":"product_cat-transpaletas","8":"first","9":"instock","10":"shipping-taxable","11":"product-type-simple"},"jetpack_sharing_enabled":true,"_links":{"self":[{"href":"https:\/\/rodadosmediterranea.com\/still\/wp-json\/wp\/v2\/product\/7325","targetHints":{"allow":["GET"]}}],"collection":[{"href":"https:\/\/rodadosmediterranea.com\/still\/wp-json\/wp\/v2\/product"}],"about":[{"href":"https:\/\/rodadosmediterranea.com\/still\/wp-json\/wp\/v2\/types\/product"}],"replies":[{"embeddable":true,"href":"https:\/\/rodadosmediterranea.com\/still\/wp-json\/wp\/v2\/comments?post=7325"}],"wp:featuredmedia":[{"embeddable":true,"href":"https:\/\/rodadosmediterranea.com\/still\/wp-json\/wp\/v2\/media\/7326"}],"wp:attachment":[{"href":"https:\/\/rodadosmediterranea.com\/still\/wp-json\/wp\/v2\/media?parent=7325"}],"wp:term":[{"taxonomy":"product_brand","embeddable":true,"href":"https:\/\/rodadosmediterranea.com\/still\/wp-json\/wp\/v2\/product_brand?post=7325"},{"taxonomy":"product_cat","embeddable":true,"href":"https:\/\/rodadosmediterranea.com\/still\/wp-json\/wp\/v2\/product_cat?post=7325"},{"taxonomy":"product_tag","embeddable":true,"href":"https:\/\/rodadosmediterranea.com\/still\/wp-json\/wp\/v2\/product_tag?post=7325"}],"curies":[{"name":"wp","href":"https:\/\/api.w.org\/{rel}","templated":true}]}}