{"id":3695,"date":"2022-04-03T07:55:44","date_gmt":"2022-04-03T07:55:44","guid":{"rendered":"https:\/\/rodadosmediterranea.com\/still\/about-me-2\/"},"modified":"2022-04-27T00:17:13","modified_gmt":"2022-04-27T00:17:13","slug":"accesorios","status":"publish","type":"page","link":"https:\/\/rodadosmediterranea.com\/still\/accesorios\/","title":{"rendered":"Accesorios"},"content":{"rendered":"<p>[vc_row full_width=\u00bbstretch_row_content_no_spaces\u00bb lg_spacing=\u00bbmargin_bottom:115&#8243; sm_spacing=\u00bbmargin_bottom:93&#8243;][vc_column width=\u00bb1\/2&#8243; sticky=\u00bb1&#8243; lg_spacing=\u00bbpadding_right:35&#8243; sm_spacing=\u00bbpadding_right:0&#8243;][vc_single_image image=\u00bb6887&#8243; img_size=\u00bbfull\u00bb alignment=\u00bbcenter\u00bb full_width=\u00bbtrue\u00bb][\/vc_column][vc_column width=\u00bb1\/2&#8243; lg_spacing=\u00bbpadding_top:155;padding_right:15;padding_left:15&#8243; sm_spacing=\u00bbpadding_top:85;padding_right:30;padding_left:30&#8243; md_spacing=\u00bbpadding_top:105&#8243;][vc_row_inner max_width=\u00bb570px\u00bb][vc_column_inner][tm_heading style=\u00bbhighlight-text\u00bb custom_google_font=\u00bb\u00bb font_weight=\u00bb500&#8243; text=\u00bbAdaptaci\u00f3n y <mark>accesorios<\/mark>\u00bb font_size=\u00bbsm:34;md:42;lg:50&#8243; letter_spacing=\u00bb0&#8243; line_height=\u00bb1.2&#8243;][tm_spacer size=\u00bblg:83&#8243;][tm_heading custom_google_font=\u00bb\u00bb font_weight=\u00bb600&#8243; text=\u00bbRetroadaptaci\u00f3n profesional\u00bb font_size=\u00bblg:14&#8243; letter_spacing=\u00bb0.1em\u00bb line_height=\u00bb1.2&#8243;][tm_spacer size=\u00bblg:45&#8243;][tm_heading tag=\u00bbdiv\u00bb custom_google_font=\u00bb\u00bb text=\u00bbTanto si se cambia el emplazamiento de uso o las cargas a transportar, o simplemente se quiere optimizar la ergonom\u00eda y la eficiencia energ\u00e9tica de tu carretilla industrial, STILL te ofrece una amplia variedad de opciones para adaptar tus carretillas a las cambiantes necesidades log\u00edsticas. Mediante la retroadaptaci\u00f3n con diferentes caracter\u00edsticas de seguridad y accesorios espec\u00edficamente dise\u00f1ados, nuestras carretillas se pueden adaptar f\u00e1cil y r\u00e1pidamente a nuevas aplicaciones.<\/p>\n<p>Tambi\u00e9n fabricamos accesorios a medida para tareas altamente especializadas.<\/p>\n<p>Siempre mantenemos en stock una amplia selecci\u00f3n de nuestros accesorios para su entrega inmediata, tambi\u00e9n en nuestra tienda STILL.shop.\u00bb][tm_spacer size=\u00bblg:45&#8243;][tm_heading custom_google_font=\u00bb\u00bb font_weight=\u00bb600&#8243; text=\u00bbTus opciones de retroadaptaci\u00f3n\u00bb font_size=\u00bblg:14&#8243; letter_spacing=\u00bb0.1em\u00bb line_height=\u00bb1.2&#8243;][tm_spacer size=\u00bblg:38&#8243;][tm_list list_style=\u00bbplus\u00bb items=\u00bb%5B%7B%22item_title%22%3A%22contendores%20de%20vuelco%22%2C%22icon_simple_line%22%3A%22icon-arrow-1-circle-down%22%7D%2C%7B%22item_title%22%3A%22contenedores%20con%20compuerta%20en%20el%20fondo%22%2C%22icon_simple_line%22%3A%22icon-arrow-1-circle-down%22%7D%2C%7B%22item_title%22%3A%22furgones%22%2C%22icon_simple_line%22%3A%22icon-arrow-1-circle-down%22%7D%2C%7B%22item_title%22%3A%22cuchar%C3%B3n%20recogedor%22%2C%22icon_simple_line%22%3A%22icon-arrow-1-circle-down%22%7D%2C%7B%22item_title%22%3A%22brazos%20de%20carga%20y%20ganchos%22%2C%22icon_simple_line%22%3A%22icon-arrow-1-circle-down%22%7D%2C%7B%22item_title%22%3A%22elevadores%20de%20tambor%20y%20horquillas%22%2C%22icon_simple_line%22%3A%22icon-arrow-1-circle-down%22%7D%2C%7B%22item_title%22%3A%22volquetes%20para%20contenedores%20de%20basura%22%2C%22icon_simple_line%22%3A%22icon-arrow-1-circle-down%22%7D%2C%7B%22item_title%22%3A%22jaulas%20de%20protecci%C3%B3n%22%2C%22icon_simple_line%22%3A%22icon-arrow-1-circle-down%22%7D%5D\u00bb columns=\u00bbxs:1;lg:2&#8243;][tm_spacer size=\u00bblg:33&#8243;][\/vc_column_inner][\/vc_row_inner][\/vc_column][\/vc_row][vc_row full_width=\u00bbstretch_row\u00bb content_placement=\u00bbmiddle\u00bb background_color=\u00bbsecondary\u00bb lg_spacing=\u00bbpadding_top:72;padding_bottom:72&#8243;][vc_column width=\u00bb1\/2&#8243;][tm_heading custom_google_font=\u00bb\u00bb sm_align=\u00bbcenter\u00bb text_color=\u00bbcustom\u00bb custom_text_color=\u00bb#ffffff\u00bb animation=\u00bbmove-right\u00bb text=\u00bb\u00bfConsultar con un asesor?\u00bb font_size=\u00bbsm:28;md:34;lg:40&#8243; line_height=\u00bb1.2&#8243; xs_spacing=\u00bbmargin_bottom:30&#8243;][\/vc_column][vc_column width=\u00bb1\/2&#8243;][tm_button style=\u00bboutline\u00bb size=\u00bbcustom\u00bb button=\u00bburl:https%3A%2F%2Frodadosmediterranea.com%2Fstill%2Fcontacto%2F|title:Cont%C3%A1ctanos\u00bb align=\u00bbright\u00bb sm_align=\u00bbcenter\u00bb animation=\u00bbmove-left\u00bb width=\u00bb190&#8243; border_radius=\u00bb2px\u00bb][\/vc_column][\/vc_row]<\/p>\n","protected":false},"excerpt":{"rendered":"[vc_row full_width=\u00bbstretch_row_content_no_spaces\u00bb lg_spacing=\u00bbmargin_bottom:115&#8243; sm_spacing=\u00bbmargin_bottom:93&#8243;][vc_column width=\u00bb1\/2&#8243; sticky=\u00bb1&#8243; lg_spacing=\u00bbpadding_right:35&#8243; sm_spacing=\u00bbpadding_right:0&#8243;][vc_single_image image=\u00bb6887&#8243; img_size=\u00bbfull\u00bb alignment=\u00bbcenter\u00bb full_width=\u00bbtrue\u00bb][\/vc_column][vc_column width=\u00bb1\/2&#8243; lg_spacing=\u00bbpadding_top:155;padding_right:15;padding_left:15&#8243; sm_spacing=\u00bbpadding_top:85;padding_right:30;padding_left:30&#8243; md_spacing=\u00bbpadding_top:105&#8243;][vc_row_inner max_width=\u00bb570px\u00bb][vc_column_inner][tm_heading style=\u00bbhighlight-text\u00bb custom_google_font=\u00bb\u00bb font_weight=\u00bb500&#8243; text=\u00bbAdaptaci\u00f3n y accesorios\u00bb font_size=\u00bbsm:34;md:42;lg:50&#8243; letter_spacing=\u00bb0&#8243; line_height=\u00bb1.2&#8243;][tm_spacer size=\u00bblg:83&#8243;][tm_heading custom_google_font=\u00bb\u00bb font_weight=\u00bb600&#8243; text=\u00bbRetroadaptaci\u00f3n profesional\u00bb font_size=\u00bblg:14&#8243; letter_spacing=\u00bb0.1em\u00bb line_height=\u00bb1.2&#8243;][tm_spacer size=\u00bblg:45&#8243;][tm_heading tag=\u00bbdiv\u00bb custom_google_font=\u00bb\u00bb text=\u00bbTanto si se cambia el emplazamiento de uso o las cargas a transportar, o simplemente se quiere optimizar la ergonom\u00eda y la eficiencia energ\u00e9tica de tu carretilla industrial, STILL te ofrece una amplia variedad de opciones para adaptar tus carretillas a las cambiantes necesidades log\u00edsticas. Mediante la retroadaptaci\u00f3n con diferentes caracter\u00edsticas de seguridad y accesorios espec\u00edficamente dise\u00f1ados, nuestras carretillas se pueden adaptar f\u00e1cil y r\u00e1pidamente a nuevas aplicaciones. Tambi\u00e9n fabricamos accesorios a medida para tareas altamente especializadas. Siempre mantenemos en stock una amplia selecci\u00f3n de nuestros accesorios para su entrega inmediata, tambi\u00e9n en nuestra tienda STILL.shop.\u00bb][tm_spacer size=\u00bblg:45&#8243;][tm_heading custom_google_font=\u00bb\u00bb font_weight=\u00bb600&#8243; text=\u00bbTus opciones de retroadaptaci\u00f3n\u00bb font_size=\u00bblg:14&#8243; letter_spacing=\u00bb0.1em\u00bb line_height=\u00bb1.2&#8243;][tm_spacer size=\u00bblg:38&#8243;][tm_list list_style=\u00bbplus\u00bb items=\u00bb%5B%7B%22item_title%22%3A%22contendores%20de%20vuelco%22%2C%22icon_simple_line%22%3A%22icon-arrow-1-circle-down%22%7D%2C%7B%22item_title%22%3A%22contenedores%20con%20compuerta%20en%20el%20fondo%22%2C%22icon_simple_line%22%3A%22icon-arrow-1-circle-down%22%7D%2C%7B%22item_title%22%3A%22furgones%22%2C%22icon_simple_line%22%3A%22icon-arrow-1-circle-down%22%7D%2C%7B%22item_title%22%3A%22cuchar%C3%B3n%20recogedor%22%2C%22icon_simple_line%22%3A%22icon-arrow-1-circle-down%22%7D%2C%7B%22item_title%22%3A%22brazos%20de%20carga%20y%20ganchos%22%2C%22icon_simple_line%22%3A%22icon-arrow-1-circle-down%22%7D%2C%7B%22item_title%22%3A%22elevadores%20de%20tambor%20y%20horquillas%22%2C%22icon_simple_line%22%3A%22icon-arrow-1-circle-down%22%7D%2C%7B%22item_title%22%3A%22volquetes%20para%20contenedores%20de%20basura%22%2C%22icon_simple_line%22%3A%22icon-arrow-1-circle-down%22%7D%2C%7B%22item_title%22%3A%22jaulas%20de%20protecci%C3%B3n%22%2C%22icon_simple_line%22%3A%22icon-arrow-1-circle-down%22%7D%5D\u00bb columns=\u00bbxs:1;lg:2&#8243;][tm_spacer size=\u00bblg:33&#8243;][\/vc_column_inner][\/vc_row_inner][\/vc_column][\/vc_row][vc_row full_width=\u00bbstretch_row\u00bb content_placement=\u00bbmiddle\u00bb background_color=\u00bbsecondary\u00bb lg_spacing=\u00bbpadding_top:72;padding_bottom:72&#8243;][vc_column width=\u00bb1\/2&#8243;][tm_heading custom_google_font=\u00bb\u00bb sm_align=\u00bbcenter\u00bb text_color=\u00bbcustom\u00bb custom_text_color=\u00bb#ffffff\u00bb animation=\u00bbmove-right\u00bb text=\u00bb\u00bfConsultar con un asesor?\u00bb font_size=\u00bbsm:28;md:34;lg:40&#8243; line_height=\u00bb1.2&#8243; xs_spacing=\u00bbmargin_bottom:30&#8243;][\/vc_column][vc_column width=\u00bb1\/2&#8243;][tm_button style=\u00bboutline\u00bb size=\u00bbcustom\u00bb button=\u00bburl:https%3A%2F%2Frodadosmediterranea.com%2Fstill%2Fcontacto%2F|title:Cont%C3%A1ctanos\u00bb align=\u00bbright\u00bb sm_align=\u00bbcenter\u00bb animation=\u00bbmove-left\u00bb width=\u00bb190&#8243; border_radius=\u00bb2px\u00bb][\/vc_column][\/vc_row]","protected":false},"author":1,"featured_media":0,"parent":0,"menu_order":0,"comment_status":"closed","ping_status":"closed","template":"","meta":{"footnotes":""},"class_list":["post-3695","page","type-page","status-publish","hentry"],"jetpack_sharing_enabled":true,"_links":{"self":[{"href":"https:\/\/rodadosmediterranea.com\/still\/wp-json\/wp\/v2\/pages\/3695","targetHints":{"allow":["GET"]}}],"collection":[{"href":"https:\/\/rodadosmediterranea.com\/still\/wp-json\/wp\/v2\/pages"}],"about":[{"href":"https:\/\/rodadosmediterranea.com\/still\/wp-json\/wp\/v2\/types\/page"}],"author":[{"embeddable":true,"href":"https:\/\/rodadosmediterranea.com\/still\/wp-json\/wp\/v2\/users\/1"}],"replies":[{"embeddable":true,"href":"https:\/\/rodadosmediterranea.com\/still\/wp-json\/wp\/v2\/comments?post=3695"}],"version-history":[{"count":8,"href":"https:\/\/rodadosmediterranea.com\/still\/wp-json\/wp\/v2\/pages\/3695\/revisions"}],"predecessor-version":[{"id":7037,"href":"https:\/\/rodadosmediterranea.com\/still\/wp-json\/wp\/v2\/pages\/3695\/revisions\/7037"}],"wp:attachment":[{"href":"https:\/\/rodadosmediterranea.com\/still\/wp-json\/wp\/v2\/media?parent=3695"}],"curies":[{"name":"wp","href":"https:\/\/api.w.org\/{rel}","templated":true}]}}